{"id":2688,"date":"2025-01-24T22:15:36","date_gmt":"2025-01-24T21:15:36","guid":{"rendered":"https:\/\/allonge.de\/?page_id=2688"},"modified":"2025-01-24T22:15:38","modified_gmt":"2025-01-24T21:15:38","slug":"philosophie","status":"publish","type":"page","link":"https:\/\/allonge.de\/index.php\/philosophie\/","title":{"rendered":"Philosophie"},"content":{"rendered":"\n<h2 class=\"wp-block-heading\">Unsere Philosophie<\/h2>\n\n\n\n<p>Wir machen Lust auf Bewegung<\/p>\n\n\n\n<p>Schwerpunkt unseres gesamten Kursangebotes ist die Vermittlung einer gesunden Bewegungstechnik verbunden mit dem Ziel, Lust auf Bewegung zu machen, die F\u00e4higkeiten jedes Einzelnen dabei zum Vorschein zu bringen und die Leidenschaft f\u00fcr den Tanz und die Bewegung in den vielf\u00e4ltigsten Formen zu wecken.<\/p>\n\n\n\n<p>Alle unsere Kurse werden von ausgebildeten Trainern und Tanzlehrern durchgef\u00fchrt, die sich fachlich st\u00e4ndig weiterbilden bzw. selbst noch aktiv tanzen und mit gro\u00dfer Hingabe die aktuellen Erkenntnisse aus Tanz und Sportmedizin vermitteln.<\/p>\n\n\n\n<p>In unserem Studio achten wir besonders auf eine angenehme Atmosph\u00e4re, freundlichen Umgang miteinander, mittlere Gruppenst\u00e4rken und auf ein zielorientiertes pers\u00f6nliches Training ohne Leistungsdruck. Wohlf\u00fchlen und Spa\u00df haben und trotzdem Ziele erreichen \u2013 das steht bei uns im Vordergrund.<\/p>\n\n\n\n<p>Viele Mitglieder best\u00e4tigen uns, dass sie genau aus diesen Gr\u00fcnden unser Studio ausgew\u00e4hlt haben, was uns darin best\u00e4tigt, unserer Philosophie treu zu bleiben.<\/p>\n","protected":false},"excerpt":{"rendered":"<p>Unsere Philosophie Wir machen Lust auf Bewegung Schwerpunkt unseres gesamten Kursangebotes ist die Vermittlung einer gesunden Bewegungstechnik verbunden mit dem Ziel, Lust auf Bewegung zu machen, die F\u00e4higkeiten jedes Einzelnen dabei zum Vorschein zu bringen und die Leidenschaft f\u00fcr den Tanz und die Bewegung in den vielf\u00e4ltigsten Formen zu wecken. Alle unsere Kurse werden von &hellip; <\/p>\n<p class=\"link-more\"><a href=\"https:\/\/allonge.de\/index.php\/philosophie\/\" class=\"more-link\"><span class=\"screen-reader-text\">\u201ePhilosophie\u201c<\/span> weiterlesen<\/a><\/p>\n","protected":false},"author":1,"featured_media":0,"parent":0,"menu_order":0,"comment_status":"closed","ping_status":"closed","template":"","meta":{"footnotes":""},"class_list":["post-2688","page","type-page","status-publish","hentry"],"_links":{"self":[{"href":"https:\/\/allonge.de\/index.php\/wp-json\/wp\/v2\/pages\/2688","targetHints":{"allow":["GET"]}}],"collection":[{"href":"https:\/\/allonge.de\/index.php\/wp-json\/wp\/v2\/pages"}],"about":[{"href":"https:\/\/allonge.de\/index.php\/wp-json\/wp\/v2\/types\/page"}],"author":[{"embeddable":true,"href":"https:\/\/allonge.de\/index.php\/wp-json\/wp\/v2\/users\/1"}],"replies":[{"embeddable":true,"href":"https:\/\/allonge.de\/index.php\/wp-json\/wp\/v2\/comments?post=2688"}],"version-history":[{"count":1,"href":"https:\/\/allonge.de\/index.php\/wp-json\/wp\/v2\/pages\/2688\/revisions"}],"predecessor-version":[{"id":2689,"href":"https:\/\/allonge.de\/index.php\/wp-json\/wp\/v2\/pages\/2688\/revisions\/2689"}],"wp:attachment":[{"href":"https:\/\/allonge.de\/index.php\/wp-json\/wp\/v2\/media?parent=2688"}],"curies":[{"name":"wp","href":"https:\/\/api.w.org\/{rel}","templated":true}]}}