{"id":121,"date":"2017-10-21T18:24:38","date_gmt":"2017-10-21T16:24:38","guid":{"rendered":"http:\/\/ballonge.de\/?page_id=121"},"modified":"2025-01-02T13:37:06","modified_gmt":"2025-01-02T12:37:06","slug":"tanz-fuer-erwachsene","status":"publish","type":"page","link":"https:\/\/allonge.de\/index.php\/tanz-fuer-erwachsene\/","title":{"rendered":"Tanz f\u00fcr Erwachsene"},"content":{"rendered":"<div class=\"wp-block-image\">\n<figure class=\"alignright is-resized\"><a href=\"https:\/\/allonge.de\/index.php\/anmeldung\/\" target=\"_blank\" rel=\"noreferrer noopener\"><img decoding=\"async\" src=\"http:\/\/allonge.de\/graffix\/anmeld.jpg\" alt=\"\" width=\"250\"\/><\/a><\/figure>\n<\/div>\n\n<p><strong>Jazzdance \/ Moderndance \/ Dance Fitness<br \/><\/strong><\/p>\n<p>Es ist nie zu sp\u00e4t mit dem Tanzen zu beginnen oder wieder anzufangen!<\/p>\n<p>Wenn du Freude an t\u00e4nzerischer Bewegung hast, kannst du in diesem Kurs die Technik<br \/>des Jazz\/Moderndance erlernen und somit deine Haltung, Beweglichkeit und Vitalit\u00e4t verbessern.<br \/>Dieser Kurs wird dir zu einem ganz neuen K\u00f6rpergef\u00fchl verhelfen.<br \/>Die Stunde besteht aus t\u00e4nzerischen \u00dcbungen im Stand und am Boden,<br \/>die zu kleinen Tanzkombinationen zusammengef\u00fcgt werden.<br \/>Wir freuen uns auf dich!<\/p>\n<p><span style=\"color: #ff0000;\"><strong>NEU &#8211; Jazz Fusion<\/strong><\/span><\/p>\n<p>K\u00f6nnt ihr euch noch\u00a0 an 4 Minutes von Madonna , J.Timberlake und Timberland, Maniac in Flashdance oder Don\u2019t Cha von den Pussy Cat Dolls erinnern? In diesem Kurs lassen wir unsere Erinnerungen hochleben<\/p>\n<p>von den goldenen Zeiten des klassischen Musicals, \u00fcber die besten Musikvideos bis hin zu Tanz Blockbustern wie Step Up oder Save the Last Dance.<\/p>\n<p>Mit einer\u00a0 Mischung aus Jazz , Street, Lyrical und Commercial Dance fokussieren wir uns vor allem auf das Lernen von Choreografien und deren Performance.\u00a0<\/p>\n<p><strong>Ballett f\u00fcr Erwachsene<\/strong><\/p>\n<p>Ob mit Vorerfahrung oder ohne &#8211; eine gute Haltung und Beweglichkeit sowie eine anmutige Ausstrahlung sind in jedem Lebensabschnitt vorteilhaft. Das klassische Training bietet hier eine gute Mischung aus \u00dcbungen f\u00fcr die Kr\u00e4ftigung der Muskulatur, zur Verbesserung der Dehnf\u00e4higkeit und \u00dcbungen f\u00fcr das Gleichgewicht. Wir arbeiten hierbei gesundheitsorientiert und mit viel Freude im Kurs wobei die klassische Technik auch f\u00fcr Fortgeschrittene nicht zu kurz kommt.<\/p>\n<p><strong>Streetdance f\u00fcr Erwachsene<br \/><\/strong><\/p>\n<p>Streetdance ist eine moderne Tanzform, die unterschiedlichste Styles miteinander verbindet. Streetdances sind impulsive, kraftvolle T\u00e4nze, die aber auch sanfte Bewegungen enthalten. Dieser Kurs bringt auf jeden Fall eine Menge Spa\u00df und Erfolg, wenn du etwas Ausdauer und Willen mitbringst.<br \/>Die Tanztechniken und Choreographien werden systematisch aufgebaut und auf lockere und verst\u00e4ndliche Art vermittelt.<br \/>Hier kommt die gute Laune von selbst.<\/p>\n<p>\u00a0<\/p>\n<p><!--StartFragment--><\/p>","protected":false},"excerpt":{"rendered":"<p>Jazzdance \/ Moderndance \/ Dance Fitness Es ist nie zu sp\u00e4t mit dem Tanzen zu beginnen oder wieder anzufangen! Wenn du Freude an t\u00e4nzerischer Bewegung hast, kannst du in diesem Kurs die Technikdes Jazz\/Moderndance erlernen und somit deine Haltung, Beweglichkeit und Vitalit\u00e4t verbessern.Dieser Kurs wird dir zu einem ganz neuen K\u00f6rpergef\u00fchl verhelfen.Die Stunde besteht aus &hellip; <\/p>\n<p class=\"link-more\"><a href=\"https:\/\/allonge.de\/index.php\/tanz-fuer-erwachsene\/\" class=\"more-link\"><span class=\"screen-reader-text\">\u201eTanz f\u00fcr Erwachsene\u201c<\/span> weiterlesen<\/a><\/p>\n","protected":false},"author":1,"featured_media":0,"parent":0,"menu_order":0,"comment_status":"closed","ping_status":"closed","template":"","meta":{"footnotes":""},"class_list":["post-121","page","type-page","status-publish","hentry"],"_links":{"self":[{"href":"https:\/\/allonge.de\/index.php\/wp-json\/wp\/v2\/pages\/121","targetHints":{"allow":["GET"]}}],"collection":[{"href":"https:\/\/allonge.de\/index.php\/wp-json\/wp\/v2\/pages"}],"about":[{"href":"https:\/\/allonge.de\/index.php\/wp-json\/wp\/v2\/types\/page"}],"author":[{"embeddable":true,"href":"https:\/\/allonge.de\/index.php\/wp-json\/wp\/v2\/users\/1"}],"replies":[{"embeddable":true,"href":"https:\/\/allonge.de\/index.php\/wp-json\/wp\/v2\/comments?post=121"}],"version-history":[{"count":9,"href":"https:\/\/allonge.de\/index.php\/wp-json\/wp\/v2\/pages\/121\/revisions"}],"predecessor-version":[{"id":2622,"href":"https:\/\/allonge.de\/index.php\/wp-json\/wp\/v2\/pages\/121\/revisions\/2622"}],"wp:attachment":[{"href":"https:\/\/allonge.de\/index.php\/wp-json\/wp\/v2\/media?parent=121"}],"curies":[{"name":"wp","href":"https:\/\/api.w.org\/{rel}","templated":true}]}}